{"id":1413,"date":"2021-01-19T09:47:56","date_gmt":"2021-01-19T09:47:56","guid":{"rendered":"https:\/\/hkpbl.com\/?page_id=1413"},"modified":"2021-02-04T10:58:56","modified_gmt":"2021-02-04T10:58:56","slug":"konsalting","status":"publish","type":"page","link":"https:\/\/hkpbl.com\/index.php\/konsalting\/","title":{"rendered":"Konsalting"},"content":{"rendered":"\t\t<div data-elementor-type=\"wp-page\" data-elementor-id=\"1413\" class=\"elementor elementor-1413\">\n\t\t\t\t\t\t\t\t\t<section class=\"elementor-section elementor-top-section elementor-element elementor-element-a9a64b3 elementor-section-boxed elementor-section-height-default elementor-section-height-default\" data-id=\"a9a64b3\" data-element_type=\"section\">\n\t\t\t\t\t\t<div class=\"elementor-container elementor-column-gap-default\">\n\t\t\t\t\t<div class=\"elementor-column elementor-col-100 elementor-top-column elementor-element elementor-element-6b926fe0\" data-id=\"6b926fe0\" data-element_type=\"column\">\n\t\t\t<div class=\"elementor-widget-wrap elementor-element-populated\">\n\t\t\t\t\t\t\t\t<div class=\"elementor-element elementor-element-294f156e elementor-widget elementor-widget-text-editor\" data-id=\"294f156e\" data-element_type=\"widget\" data-widget_type=\"text-editor.default\">\n\t\t\t\t<div class=\"elementor-widget-container\">\n\t\t\t\t\t\t\t<p><!-- wp:paragraph --><\/p>\n<p>Kao stru\u010dni konsultant klijentima nudimo cjelokupnu uslugu, od izrade preliminarnih analiza, planova i procjena, preko projektovanja do vo\u0111enja cjelokupnog projekta do upotrebne dozvole.<\/p>\n<p><!-- \/wp:paragraph --><!-- wp:paragraph --><\/p>\n<p>Detaljno pratimo i rukovodimo svim fazama planiranja projekata i njihove realizacije, uklju\u010duju\u0107i koordinaciju i pripremu prate\u0107e dokumentacije za sve nadle\u017ene institucije uklju\u010dene u postupak izdavanja lokacijskih uslova, gra\u0111evinske i upotrebne dozvole, te pratimo zadati vremenski okvir za njihovu realizaciju na zadovoljstvo na\u0161ih klijenata i krajnjih korisnika.\u00a0\u00a0<\/p>\n<p>\u00a0<\/p>\n<p><!-- \/wp:paragraph --><\/p>\t\t\t\t\t\t<\/div>\n\t\t\t\t<\/div>\n\t\t\t\t\t<\/div>\n\t\t<\/div>\n\t\t\t\t\t\t\t<\/div>\n\t\t<\/section>\n\t\t\t\t\t\t\t<\/div>\n\t\t","protected":false},"excerpt":{"rendered":"<p>Kao stru\u010dni konsultant klijentima nudimo cjelokupnu uslugu, od izrade preliminarnih analiza, planova i procjena, preko projektovanja do vo\u0111enja cjelokupnog projekta do upotrebne dozvole. Detaljno pratimo i rukovodimo svim fazama planiranja projekata i njihove realizacije, uklju\u010duju\u0107i koordinaciju i pripremu prate\u0107e dokumentacije za sve nadle\u017ene institucije uklju\u010dene u postupak izdavanja lokacijskih uslova, gra\u0111evinske i upotrebne dozvole, te [&hellip;]<\/p>\n","protected":false},"author":2,"featured_media":0,"parent":0,"menu_order":0,"comment_status":"closed","ping_status":"closed","template":"","meta":{"footnotes":""},"class_list":["post-1413","page","type-page","status-publish","hentry"],"_links":{"self":[{"href":"https:\/\/hkpbl.com\/index.php\/wp-json\/wp\/v2\/pages\/1413"}],"collection":[{"href":"https:\/\/hkpbl.com\/index.php\/wp-json\/wp\/v2\/pages"}],"about":[{"href":"https:\/\/hkpbl.com\/index.php\/wp-json\/wp\/v2\/types\/page"}],"author":[{"embeddable":true,"href":"https:\/\/hkpbl.com\/index.php\/wp-json\/wp\/v2\/users\/2"}],"replies":[{"embeddable":true,"href":"https:\/\/hkpbl.com\/index.php\/wp-json\/wp\/v2\/comments?post=1413"}],"version-history":[{"count":7,"href":"https:\/\/hkpbl.com\/index.php\/wp-json\/wp\/v2\/pages\/1413\/revisions"}],"predecessor-version":[{"id":1695,"href":"https:\/\/hkpbl.com\/index.php\/wp-json\/wp\/v2\/pages\/1413\/revisions\/1695"}],"wp:attachment":[{"href":"https:\/\/hkpbl.com\/index.php\/wp-json\/wp\/v2\/media?parent=1413"}],"curies":[{"name":"wp","href":"https:\/\/api.w.org\/{rel}","templated":true}]}}