{"id":1462,"date":"2021-01-19T10:19:08","date_gmt":"2021-01-19T10:19:08","guid":{"rendered":"https:\/\/hkpbl.com\/?page_id=1462"},"modified":"2021-02-07T09:15:09","modified_gmt":"2021-02-07T09:15:09","slug":"konstrukcija","status":"publish","type":"page","link":"https:\/\/hkpbl.com\/index.php\/konstrukcija\/","title":{"rendered":"Konstrukcija"},"content":{"rendered":"\t\t<div data-elementor-type=\"wp-page\" data-elementor-id=\"1462\" class=\"elementor elementor-1462\">\n\t\t\t\t\t\t\t\t\t<section class=\"elementor-section elementor-top-section elementor-element elementor-element-a3006c0 elementor-section-boxed elementor-section-height-default elementor-section-height-default\" data-id=\"a3006c0\" data-element_type=\"section\">\n\t\t\t\t\t\t<div class=\"elementor-container elementor-column-gap-default\">\n\t\t\t\t\t<div class=\"elementor-column elementor-col-100 elementor-top-column elementor-element elementor-element-3b42e08\" data-id=\"3b42e08\" data-element_type=\"column\">\n\t\t\t<div class=\"elementor-widget-wrap elementor-element-populated\">\n\t\t\t\t\t\t\t\t<div class=\"elementor-element elementor-element-3802a54 elementor-widget elementor-widget-text-editor\" data-id=\"3802a54\" data-element_type=\"widget\" data-widget_type=\"text-editor.default\">\n\t\t\t\t<div class=\"elementor-widget-container\">\n\t\t\t\t\t\t\t<p>Na\u0161 tim i\u017einjera, uz primjenu najsavremenijih dostignu\u0107a u oblasti gra\u0111evinarstva, upotrebom savremenih programskih paketa radi projekte iz oblasti sanacija klizi\u0161ta, \u0161to nas svrstava u red malobrojnih preduze\u0107a koja se bave ovom vrstom projektovanja.<\/p><p>Pored toga uspje\u0161no realizujemo projekte stambeno-poslovnih objekata, industrijskih objekata, obaloutvrda, te mostova i drugih zahtjevnih in\u017einjerskih objekata uz po\u0161tovanje svih tehni\u010dkih i administrativnih normi u gra\u0111evinarstvu.<\/p><p>Bogato iskustvo na\u0161eg tima u nadziranju izvo\u0111enja radova na ovoj vrsti objekata \u010dini nas vrlo konkuretnim, te pravim izborom za kompletnu uslugu ondje gdje je cilj kvalitet, brzina i zadovoljstvo u pogledu krajnje realizacije objekta.<\/p>\t\t\t\t\t\t<\/div>\n\t\t\t\t<\/div>\n\t\t\t\t\t<\/div>\n\t\t<\/div>\n\t\t\t\t\t\t\t<\/div>\n\t\t<\/section>\n\t\t\t\t\t\t\t<\/div>\n\t\t","protected":false},"excerpt":{"rendered":"<p>Na\u0161 tim i\u017einjera, uz primjenu najsavremenijih dostignu\u0107a u oblasti gra\u0111evinarstva, upotrebom savremenih programskih paketa radi projekte iz oblasti sanacija klizi\u0161ta, \u0161to nas svrstava u red malobrojnih preduze\u0107a koja se bave ovom vrstom projektovanja. Pored toga uspje\u0161no realizujemo projekte stambeno-poslovnih objekata, industrijskih objekata, obaloutvrda, te mostova i drugih zahtjevnih in\u017einjerskih objekata uz po\u0161tovanje svih tehni\u010dkih i [&hellip;]<\/p>\n","protected":false},"author":2,"featured_media":0,"parent":0,"menu_order":0,"comment_status":"closed","ping_status":"closed","template":"","meta":{"footnotes":""},"class_list":["post-1462","page","type-page","status-publish","hentry"],"_links":{"self":[{"href":"https:\/\/hkpbl.com\/index.php\/wp-json\/wp\/v2\/pages\/1462"}],"collection":[{"href":"https:\/\/hkpbl.com\/index.php\/wp-json\/wp\/v2\/pages"}],"about":[{"href":"https:\/\/hkpbl.com\/index.php\/wp-json\/wp\/v2\/types\/page"}],"author":[{"embeddable":true,"href":"https:\/\/hkpbl.com\/index.php\/wp-json\/wp\/v2\/users\/2"}],"replies":[{"embeddable":true,"href":"https:\/\/hkpbl.com\/index.php\/wp-json\/wp\/v2\/comments?post=1462"}],"version-history":[{"count":7,"href":"https:\/\/hkpbl.com\/index.php\/wp-json\/wp\/v2\/pages\/1462\/revisions"}],"predecessor-version":[{"id":1756,"href":"https:\/\/hkpbl.com\/index.php\/wp-json\/wp\/v2\/pages\/1462\/revisions\/1756"}],"wp:attachment":[{"href":"https:\/\/hkpbl.com\/index.php\/wp-json\/wp\/v2\/media?parent=1462"}],"curies":[{"name":"wp","href":"https:\/\/api.w.org\/{rel}","templated":true}]}}