{"id":1563,"date":"2021-01-28T10:02:29","date_gmt":"2021-01-28T10:02:29","guid":{"rendered":"https:\/\/hkpbl.com\/?page_id=1563"},"modified":"2021-01-28T10:03:12","modified_gmt":"2021-01-28T10:03:12","slug":"visokogradnja","status":"publish","type":"page","link":"https:\/\/hkpbl.com\/index.php\/visokogradnja\/","title":{"rendered":"VISOKOGRADNJA"},"content":{"rendered":"\t\t<div data-elementor-type=\"wp-page\" data-elementor-id=\"1563\" class=\"elementor elementor-1563\">\n\t\t\t\t\t\t\t\t\t<section class=\"elementor-section elementor-top-section elementor-element elementor-element-86eb072 elementor-section-boxed elementor-section-height-default elementor-section-height-default\" data-id=\"86eb072\" data-element_type=\"section\">\n\t\t\t\t\t\t<div class=\"elementor-container elementor-column-gap-default\">\n\t\t\t\t\t<div class=\"elementor-column elementor-col-100 elementor-top-column elementor-element elementor-element-0c0196d\" data-id=\"0c0196d\" data-element_type=\"column\">\n\t\t\t<div class=\"elementor-widget-wrap elementor-element-populated\">\n\t\t\t\t\t\t\t\t<div class=\"elementor-element elementor-element-d7b2fde elementor-widget elementor-widget-text-editor\" data-id=\"d7b2fde\" data-element_type=\"widget\" data-widget_type=\"text-editor.default\">\n\t\t\t\t<div class=\"elementor-widget-container\">\n\t\t\t\t\t\t\t<table width=\"96%\"><tbody><tr><td width=\"8%\"><p>1.\u00a0 \u00a0<\/p><\/td><td width=\"39%\"><p>Glavni projekat za izgradnju vi\u0161eporodi\u010dnog stambeno-poslovnog objekta na k.\u010d. br. 835 i dijelu k.\u010d. br. 828, k.\u010d. br. 829 i k.\u010d. br. 830, k.o. Banja Luka 8, u Banjoj Luci<\/p><\/td><td width=\"29%\"><p>\u0110ura\u0111 Regodi\u0107,<\/p><p>Banja Luka<\/p><\/td><td width=\"22%\"><p>2020.<\/p><\/td><\/tr><tr><td width=\"8%\"><p>2.\u00a0 \u00a0<\/p><\/td><td width=\"39%\"><p>Glavni projekat za izgradnju ugostiteljskog objekta &#8211; hotela, spratnosti Po+P+5 na zemlji\u0161tu ozna\u010denom sa GO 4, k.p.447, ko Novi Beograd, ul. To\u0161in Bunar br. 168,<\/p><p>Novi Beograd<\/p><\/td><td width=\"29%\"><p>Vidovi\u0107 Jovan,<\/p><p>Banja Luka<\/p><\/td><td width=\"22%\"><p>2020.<\/p><\/td><\/tr><tr><td width=\"8%\"><p>3.\u00a0 \u00a0<\/p><\/td><td width=\"39%\"><p>Glavni projekat vi\u0161eporodi\u010dnog stambenog objekta u Banjaluci u ulici Ljubijskih Rudara<\/p><\/td><td width=\"29%\"><p>EUROZNAK d.o.o.<\/p><p>Banja Luka<\/p><\/td><td width=\"22%\"><p>2020-2019.<\/p><\/td><\/tr><tr><td width=\"8%\"><p>4.\u00a0 \u00a0<\/p><\/td><td width=\"39%\"><p>Glavni projekat\u00a0 za izgradnju poslovnog objekta, hale proizvodno-skladi\u0161ne namjene, na djelu zemlji\u0161ta ozna\u010denom kao k.\u010d.br.1316\/2, k.\u010d.br.1342\/5 i k.\u010d.br. 1346\/4, k.o. Jakupovci u Lakta\u0161ima<\/p><\/td><td width=\"29%\"><p>KUBIK TRANS-NISKOGRADNJA d.o.o., Lakta\u0161i<\/p><\/td><td width=\"22%\"><p>2019.<\/p><\/td><\/tr><tr><td width=\"8%\"><p>5.\u00a0 \u00a0<\/p><\/td><td width=\"39%\"><p>Glavni projekat vi\u0161eporodi\u010dnog stambenog objekta u Banjaluci u ulici Koste Jari\u0107a<\/p><\/td><td width=\"29%\"><p>Milan Ra\u010di\u0107,<\/p><p>Banja Luka<\/p><\/td><td width=\"22%\"><p>2019.<\/p><\/td><\/tr><tr><td width=\"8%\"><p>6.\u00a0 \u00a0<\/p><\/td><td width=\"39%\"><p>\u201eIzrada planske i tehni\u010dke dokumentacije za izgradnju stambeno-poslovnog objekta P+1, na zemlji\u0161tu ozna\u010denom kao k.\u010d. broj 126\/1 k.o. Veliko Bla\u0161ko u Lakta\u0161ima\u201c<\/p><p>&#8211;\u00a0\u00a0\u00a0\u00a0\u00a0\u00a0 Izrada urbanisti\u010dko-tehni\u010dkih uslova za izgradnju stambeno-poslovnog objekta,<\/p><p>&#8211;\u00a0\u00a0\u00a0\u00a0\u00a0\u00a0 Izrada idejnog rje\u0161enja za izgradnju stambeno-poslovnog objekta,<\/p><p>&#8211;\u00a0\u00a0\u00a0\u00a0\u00a0\u00a0 Izrada glavnog projekta za izgradnju stambeno-poslovnog objekta,<\/p><p>&#8211;\u00a0\u00a0\u00a0\u00a0\u00a0\u00a0 Izrada projekta vanjskog ure\u0111enja za izgradnju stambeno-poslovnog objekta,<\/p><p>&#8211;\u00a0\u00a0\u00a0\u00a0\u00a0\u00a0 Konsultantske usluge za pribavljanje potrebnih saglasnosti.<\/p><\/td><td width=\"29%\"><p>VEKTOR IN\u017dENJERING d.o.o.<\/p><p>Lakta\u0161i<\/p><\/td><td width=\"22%\"><p>2019.<\/p><\/td><\/tr><tr><td width=\"8%\"><p>7.\u00a0 \u00a0<\/p><\/td><td width=\"39%\"><p>Izrada glavnog projekta rekonstrukcije, dogradnje i nadogradnje stambeno-poslovnog objekta\u00a0 spratnosti<strong>Pr+1+M<\/strong>, na zemlji\u0161tu ozna\u010denom kao k.\u010d.br. 75\/2, u Kotor Varo\u0161i, k.o. Kotor Varo\u0161<\/p><p>(Novi premjer)<\/p><\/td><td width=\"29%\"><p>Amela Vukovi\u0107,<\/p><p>Op\u0161tina Kotor Varo\u0161<\/p><\/td><td width=\"22%\"><p>2019.<\/p><\/td><\/tr><tr><td width=\"8%\"><p>8.\u00a0 \u00a0<\/p><\/td><td width=\"39%\"><p>Izrada glavnog projekta za izgradnju individualnog stambenog objekta spratnosti <strong>P+Pk<\/strong> na zemlji\u0161tu ozna\u010denom sa k.\u010d. 965\/32, k.o. \u010celinac Donji; \u010celinac<\/p><\/td><td width=\"29%\"><p>Boris Pa\u0161ali\u0107,<\/p><p>Op\u0161tina \u010celinac<\/p><\/td><td width=\"22%\"><p>2019.<\/p><\/td><\/tr><tr><td width=\"8%\"><p>9.\u00a0 \u00a0<\/p><\/td><td width=\"39%\"><p>Izrada glavnog projekta za izgradnju vi\u0161eporodi\u010dnog stambenog objekta, spratnosti <strong>Po+P+3<\/strong> na zemlji\u0161tu ozna\u010denom sa k.\u010d. 368\/1, k.o. Banja Luka 4 u\u00a0 Banjaluci<\/p><\/td><td width=\"29%\"><p>Milan Ra\u010di\u0107,<\/p><p>Op\u0161tina Banja Luka<\/p><\/td><td width=\"22%\"><p>2019.<\/p><\/td><\/tr><tr><td width=\"8%\"><p>10.\u00a0\u00a0 \u00a0<\/p><\/td><td width=\"39%\"><p>Izrada glavnog projekta za adaptaciju i rekonstrukciju <strong>3 (tri)<\/strong> poslovna prostora u svrhu formiranja <strong>jedinstvenog poslovnog prostora<\/strong>, sadr\u017eaja trgovina, u ulici Vase Glu\u0161ca, na dijelu k.\u010d. br.4077\/1 i k.\u010d. br.4079\/2 (N.P.), k.o. Banjaluka u Banjaluci<\/p><\/td><td width=\"29%\"><p>Nada Petkovi\u0107,<\/p><p>Op\u0161tina Banja Luka<\/p><\/td><td width=\"22%\"><p>2018.<\/p><\/td><\/tr><tr><td width=\"8%\"><p>11.\u00a0\u00a0 \u00a0<\/p><\/td><td width=\"39%\"><p>Izrada glavnog projekta za rekonstrukciju ulice Bra\u0107e Manojlovi\u0107 na k.\u010d. 2654\/12 i 1905\/68, k.o. Gradi\u0161ka-Selo<\/p><\/td><td width=\"29%\"><p>Op\u0161tina Gradi\u0161ka<\/p><\/td><td width=\"22%\"><p>2018.<\/p><\/td><\/tr><tr><td width=\"8%\"><p>12.\u00a0\u00a0 \u00a0<\/p><\/td><td width=\"39%\"><p>Izrada glavnog projekta stambeno poslovnog objekta Su+P+1<\/p><\/td><td width=\"29%\"><p>Aleksandar Gajic,<\/p><p>Op\u0161tina Banja Luka<\/p><\/td><td width=\"22%\"><p>2018.<\/p><\/td><\/tr><tr><td width=\"8%\"><p>13.\u00a0\u00a0 \u00a0<\/p><\/td><td width=\"39%\"><p>Izrada glavnog projekta javne infrastrukture za potrebe objekta na Petricevcu<\/p><\/td><td width=\"29%\"><p>Grad Banja Luka<\/p><\/td><td width=\"22%\"><p>2018.<\/p><\/td><\/tr><\/tbody><\/table>\t\t\t\t\t\t<\/div>\n\t\t\t\t<\/div>\n\t\t\t\t\t<\/div>\n\t\t<\/div>\n\t\t\t\t\t\t\t<\/div>\n\t\t<\/section>\n\t\t\t\t\t\t\t<\/div>\n\t\t","protected":false},"excerpt":{"rendered":"<p>1.\u00a0 \u00a0 Glavni projekat za izgradnju vi\u0161eporodi\u010dnog stambeno-poslovnog objekta na k.\u010d. br. 835 i dijelu k.\u010d. br. 828, k.\u010d. br. 829 i k.\u010d. br. 830, k.o. Banja Luka 8, u Banjoj Luci \u0110ura\u0111 Regodi\u0107, Banja Luka 2020. 2.\u00a0 \u00a0 Glavni projekat za izgradnju ugostiteljskog objekta &#8211; hotela, spratnosti Po+P+5 na zemlji\u0161tu ozna\u010denom sa GO 4, [&hellip;]<\/p>\n","protected":false},"author":2,"featured_media":0,"parent":0,"menu_order":0,"comment_status":"closed","ping_status":"closed","template":"","meta":{"footnotes":""},"class_list":["post-1563","page","type-page","status-publish","hentry"],"_links":{"self":[{"href":"https:\/\/hkpbl.com\/index.php\/wp-json\/wp\/v2\/pages\/1563"}],"collection":[{"href":"https:\/\/hkpbl.com\/index.php\/wp-json\/wp\/v2\/pages"}],"about":[{"href":"https:\/\/hkpbl.com\/index.php\/wp-json\/wp\/v2\/types\/page"}],"author":[{"embeddable":true,"href":"https:\/\/hkpbl.com\/index.php\/wp-json\/wp\/v2\/users\/2"}],"replies":[{"embeddable":true,"href":"https:\/\/hkpbl.com\/index.php\/wp-json\/wp\/v2\/comments?post=1563"}],"version-history":[{"count":4,"href":"https:\/\/hkpbl.com\/index.php\/wp-json\/wp\/v2\/pages\/1563\/revisions"}],"predecessor-version":[{"id":1567,"href":"https:\/\/hkpbl.com\/index.php\/wp-json\/wp\/v2\/pages\/1563\/revisions\/1567"}],"wp:attachment":[{"href":"https:\/\/hkpbl.com\/index.php\/wp-json\/wp\/v2\/media?parent=1563"}],"curies":[{"name":"wp","href":"https:\/\/api.w.org\/{rel}","templated":true}]}}